{"id":9161,"date":"2024-10-22T17:25:03","date_gmt":"2024-10-22T16:25:03","guid":{"rendered":"https:\/\/laquitxalla.com\/?post_type=product&#038;p=9161"},"modified":"2024-10-23T10:11:45","modified_gmt":"2024-10-23T09:11:45","slug":"muum","status":"publish","type":"product","link":"https:\/\/laquitxalla.com\/ca\/producto\/muum\/","title":{"rendered":"Cadira MUUM"},"content":{"rendered":"<p>Caracter\u00edsticas del carrito:<\/p>\n<div class=\"features-type-images\">\n<ul>\n<li class=\"header-line\"><strong>Cestilla con grandes prestaciones: <\/strong>De gran volumen con capacidad hasta 4 kg \/ 18 litros.<\/li>\n<li class=\"header-line\"><strong>Tejidos reciclados: <\/strong>Tejidos fabricados con materiales reciclados.<\/li>\n<li class=\"header-line\"><strong>Suspensi\u00f3n total: <\/strong>Suspensi\u00f3n delantera y trasera independiente.<\/li>\n<li class=\"header-line\"><strong>Ruedas 360\u00ba y extra\u00edbles: <\/strong>Ruedas delanteras con giro 360\u00ba, bloqueables y extra\u00edbles. Ruedas traseras extra\u00edbles.<\/li>\n<li class=\"header-line\"><strong>Respaldo multiposici\u00f3n: <\/strong>De 105\u00b0 y hasta 155\u00b0.<\/li>\n<li class=\"header-line\"><strong>Reposapi\u00e9s ajustable: <\/strong>Ajustable para que el peque pueda estirar las piernas o bien doblarlas cuando va incorporado.<\/li>\n<li class=\"header-line\"><strong>Repele el agua y transpirable: <\/strong>Tejidos repelentes al agua y transpirables para un mayor confort.<\/li>\n<li class=\"header-line\"><strong>Protector delantero: <\/strong>Abatible y extra\u00edble<\/li>\n<li class=\"header-line\"><strong>Protecci\u00f3n Anti-Uva: <\/strong>Tejidos con protecci\u00f3n solar UPF50.<\/li>\n<li class=\"header-line\"><strong>Plegado compacto: <\/strong>Plegado compacto incluso con la hamaca instalada en ambos sentidos. Seguro de apertura accidental.<\/li>\n<li class=\"header-line\"><strong>Manillar ajustable: <\/strong>Regulable en 7 posiciones.<\/li>\n<li class=\"header-line\"><strong>Freno de pie: <\/strong>Freno de pie de doble acci\u00f3n sincronizado.<\/li>\n<li class=\"header-line\"><strong>Capota XXL y Wind Stopper: <\/strong>Capota extensible y con protecci\u00f3n para el viento para un mayor amparo en condiciones clim\u00e1ticas adversas.<\/li>\n<li class=\"header-line\"><strong>Asa de transporte: <\/strong>Para una mayor comodidad de transporte.<\/li>\n<li class=\"header-line\"><strong>Arn\u00e9s magn\u00e9tico: <\/strong>Muy f\u00e1cil de abrochar y seguro.<\/li>\n<li class=\"header-line\"><strong>Aireaci\u00f3n: <\/strong>Ventana trasera con rejilla para aireaci\u00f3n.<\/li>\n<\/ul>\n<\/div>\n<p>Medidas y peso:<\/p>\n<div class=\"features-type-simple\">\n<ul>\n<li class=\"header-line\"><strong>Ruedas: <\/strong>Di\u00e1metro ruedas traseras \u00d816 cm. Di\u00e1metro ruedas delanteras \u00d814 cm.<\/li>\n<\/ul>\n<ul>\n<li class=\"header-line\"><strong>Peso del producto: <\/strong>Chasis: 7,6 kg. Hamaca: 3,9 kg<\/li>\n<\/ul>\n<ul>\n<li class=\"header-line\"><strong>Medidas del producto: <\/strong>Desplegado: 82 \/ 94 x 58 x 80\/105 cm. Plegado: 70 x 58 x 29 cm. Respaldo: 32 cm x 46,5 cm. Asiento: 32 cm x 26 cm<\/li>\n<\/ul>\n<\/div>\n<div class=\"features-type-simple\">\n<ul>\n<li class=\"header-line\"><strong>Edad\/altura\/peso del beb\u00e9: <\/strong>0 &#8211; 22 kg<\/li>\n<\/ul>\n<\/div>\n","protected":false},"excerpt":{"rendered":"<p>El cochecito Jan\u00e9 Muum ha acompa\u00f1ado a muchas familias durante a\u00f1os y ahora seguir\u00e1 haci\u00e9ndolo con este nuevo dise\u00f1o y ofreciendo nuevas prestaciones que os har\u00e1 la vida m\u00e1s f\u00e1cil, como el plegado con la hamaca instalada o el arn\u00e9s magn\u00e9tico para sujetar al peque, adem\u00e1s, podr\u00e9is usarlo hasta que tu hijo o hija llegue a los 22Kg.<\/p>\n","protected":false},"featured_media":9168,"comment_status":"open","ping_status":"closed","template":"","meta":{"_lmt_disableupdate":"","_lmt_disable":""},"pwb-brand":[83],"product_brand":[],"product_cat":[23],"product_tag":[288,290,289,287],"class_list":{"0":"post-9161","1":"product","2":"type-product","3":"status-publish","4":"has-post-thumbnail","6":"pwb-brand-jane","7":"product_cat-sillas-paseo","8":"product_tag-cadira-de-passeig","9":"product_tag-cotxet","10":"product_tag-muum","11":"product_tag-silla-de-paseo","13":"first","14":"instock","15":"taxable","16":"shipping-taxable","17":"purchasable","18":"product-type-variable","19":"has-default-attributes"},"brands":[{"id":83,"name":"Jan\u00e9","slug":"jane"}],"_links":{"self":[{"href":"https:\/\/laquitxalla.com\/ca\/wp-json\/wp\/v2\/product\/9161","targetHints":{"allow":["GET"]}}],"collection":[{"href":"https:\/\/laquitxalla.com\/ca\/wp-json\/wp\/v2\/product"}],"about":[{"href":"https:\/\/laquitxalla.com\/ca\/wp-json\/wp\/v2\/types\/product"}],"replies":[{"embeddable":true,"href":"https:\/\/laquitxalla.com\/ca\/wp-json\/wp\/v2\/comments?post=9161"}],"wp:featuredmedia":[{"embeddable":true,"href":"https:\/\/laquitxalla.com\/ca\/wp-json\/wp\/v2\/media\/9168"}],"wp:attachment":[{"href":"https:\/\/laquitxalla.com\/ca\/wp-json\/wp\/v2\/media?parent=9161"}],"wp:term":[{"taxonomy":"pwb-brand","embeddable":true,"href":"https:\/\/laquitxalla.com\/ca\/wp-json\/wp\/v2\/pwb-brand?post=9161"},{"taxonomy":"product_brand","embeddable":true,"href":"https:\/\/laquitxalla.com\/ca\/wp-json\/wp\/v2\/product_brand?post=9161"},{"taxonomy":"product_cat","embeddable":true,"href":"https:\/\/laquitxalla.com\/ca\/wp-json\/wp\/v2\/product_cat?post=9161"},{"taxonomy":"product_tag","embeddable":true,"href":"https:\/\/laquitxalla.com\/ca\/wp-json\/wp\/v2\/product_tag?post=9161"}],"curies":[{"name":"wp","href":"https:\/\/api.w.org\/{rel}","templated":true}]}}

<p>Características del carrito:</p>
<div class="features-type-images">
<ul>
<li class="header-line"><strong>Cestilla con grandes prestaciones: </strong>De gran volumen con capacidad hasta 4 kg / 18 litros.</li>
<li class="header-line"><strong>Tejidos reciclados: </strong>Tejidos fabricados con materiales reciclados.</li>
<li class="header-line"><strong>Suspensión total: </strong>Suspensión delantera y trasera independiente.</li>
<li class="header-line"><strong>Ruedas 360º y extraíbles: </strong>Ruedas delanteras con giro 360º, bloqueables y extraíbles. Ruedas traseras extraíbles.</li>
<li class="header-line"><strong>Respaldo multiposición: </strong>De 105° y hasta 155°.</li>
<li class="header-line"><strong>Reposapiés ajustable: </strong>Ajustable para que el peque pueda estirar las piernas o bien doblarlas cuando va incorporado.</li>
<li class="header-line"><strong>Repele el agua y transpirable: </strong>Tejidos repelentes al agua y transpirables para un mayor confort.</li>
<li class="header-line"><strong>Protector delantero: </strong>Abatible y extraíble</li>
<li class="header-line"><strong>Protección Anti-Uva: </strong>Tejidos con protección solar UPF50.</li>
<li class="header-line"><strong>Plegado compacto: </strong>Plegado compacto incluso con la hamaca instalada en ambos sentidos. Seguro de apertura accidental.</li>
<li class="header-line"><strong>Manillar ajustable: </strong>Regulable en 7 posiciones.</li>
<li class="header-line"><strong>Freno de pie: </strong>Freno de pie de doble acción sincronizado.</li>
<li class="header-line"><strong>Capota XXL y Wind Stopper: </strong>Capota extensible y con protección para el viento para un mayor amparo en condiciones climáticas adversas.</li>
<li class="header-line"><strong>Asa de transporte: </strong>Para una mayor comodidad de transporte.</li>
<li class="header-line"><strong>Arnés magnético: </strong>Muy fácil de abrochar y seguro.</li>
<li class="header-line"><strong>Aireación: </strong>Ventana trasera con rejilla para aireación.</li>
</ul>
</div>
<p>Medidas y peso:</p>
<div class="features-type-simple">
<ul>
<li class="header-line"><strong>Ruedas: </strong>Diámetro ruedas traseras Ø16 cm. Diámetro ruedas delanteras Ø14 cm.</li>
</ul>
<ul>
<li class="header-line"><strong>Peso del producto: </strong>Chasis: 7,6 kg. Hamaca: 3,9 kg</li>
</ul>
<ul>
<li class="header-line"><strong>Medidas del producto: </strong>Desplegado: 82 / 94 x 58 x 80/105 cm. Plegado: 70 x 58 x 29 cm. Respaldo: 32 cm x 46,5 cm. Asiento: 32 cm x 26 cm</li>
</ul>
</div>
<div class="features-type-simple">
<ul>
<li class="header-line"><strong>Edad/altura/peso del bebé: </strong>0 &#8211; 22 kg</li>
</ul>
</div>

<p>El cochecito Jané Muum ha acompañado a muchas familias durante años y ahora seguirá haciéndolo con este nuevo diseño y ofreciendo nuevas prestaciones que os hará la vida más fácil, como el plegado con la hamaca instalada o el arnés magnético para sujetar al peque, además, podréis usarlo hasta que tu hijo o hija llegue a los 22Kg.</p>

Jané
